{"id":1534,"date":"2025-01-04T08:05:10","date_gmt":"2025-01-04T08:05:10","guid":{"rendered":"https:\/\/mbf-s.de\/?page_id=1534"},"modified":"2025-01-05T06:00:40","modified_gmt":"2025-01-05T06:00:40","slug":"aufbau-einer-spur-n-kofferanlage","status":"publish","type":"page","link":"https:\/\/mbf-s.de\/?page_id=1534","title":{"rendered":"Aufbau einer Spur N Kofferanlage"},"content":{"rendered":"<p><strong>Diese Seite beschreibt den Aufbau einer Spur N Kofferanlage.<\/strong><\/p>\n<p><img decoding=\"async\" loading=\"lazy\" class=\"alignnone size-full wp-image-1544\" src=\"https:\/\/mbf-s.de\/wp-content\/uploads\/2025\/01\/20241224_080445.png\" alt=\"\" width=\"816\" height=\"612\" srcset=\"https:\/\/mbf-s.de\/wp-content\/uploads\/2025\/01\/20241224_080445.png 816w, https:\/\/mbf-s.de\/wp-content\/uploads\/2025\/01\/20241224_080445-300x225.png 300w, https:\/\/mbf-s.de\/wp-content\/uploads\/2025\/01\/20241224_080445-768x576.png 768w\" sizes=\"(max-width: 816px) 100vw, 816px\" \/><\/p>\n<p><img decoding=\"async\" loading=\"lazy\" class=\"alignnone size-full wp-image-1547\" src=\"https:\/\/mbf-s.de\/wp-content\/uploads\/2025\/01\/20241228_103232.png\" alt=\"\" width=\"816\" height=\"612\" srcset=\"https:\/\/mbf-s.de\/wp-content\/uploads\/2025\/01\/20241228_103232.png 816w, https:\/\/mbf-s.de\/wp-content\/uploads\/2025\/01\/20241228_103232-300x225.png 300w, https:\/\/mbf-s.de\/wp-content\/uploads\/2025\/01\/20241228_103232-768x576.png 768w\" sizes=\"(max-width: 816px) 100vw, 816px\" \/><\/p>\n<p>Ma\u00dfe Koffer: 92cm x 60cm x 30cm<\/p>\n<p>Zwei Kreise mit Fleischmann Piccolo Gleis.<\/p>\n<p>Gleisplan (erstellt mit Wintrack):<\/p>\n<p><img decoding=\"async\" loading=\"lazy\" class=\"alignnone size-full wp-image-1586\" src=\"https:\/\/mbf-s.de\/wp-content\/uploads\/2025\/01\/2025-01-04-09_50_35-Window_2-1.png\" alt=\"\" width=\"664\" height=\"407\" srcset=\"https:\/\/mbf-s.de\/wp-content\/uploads\/2025\/01\/2025-01-04-09_50_35-Window_2-1.png 664w, https:\/\/mbf-s.de\/wp-content\/uploads\/2025\/01\/2025-01-04-09_50_35-Window_2-1-300x184.png 300w\" sizes=\"(max-width: 664px) 100vw, 664px\" \/><\/p>\n<p>Steuerung mit <a href=\"https:\/\/wiki.rocrail.net\/doku.php?id=german\">Rocrail:<\/a><\/p>\n<p>&#8211; 10 Bl\u00f6cke<\/p>\n<p>&#8211; 12 R\u00fcckmelder<\/p>\n<p>&#8211; Gleisanschl\u00fcsse seitlich am Koffer zum erweitern der Anlage.<\/p>\n<p>&#8211; R\u00fcckmeldung \u00fcber Loconet (<a href=\"https:\/\/www.yamorc-wiki.com\/books\/yd6016ln-cs\/page\/yd6016ln-cs-16-fach-ruckmeldemodul-stromfuhler\">YaMoRC YD6016LN-CS<\/a> 16x R\u00fcckmeldemodul).<\/p>\n<p>&#8211; Schalten der Weichen mit 8-fach DCC Weichendecoder f\u00fcr Doppelspulen Weichenantriebe mit Schraubverbindung <a href=\"https:\/\/www.dm-toys.de\/de\/produktdetails\/MU_J00003.html\">WD8D<\/a> von DM-Toys.<\/p>\n<p>Verkabelung:<\/p>\n<p><img decoding=\"async\" loading=\"lazy\" class=\"alignnone size-full wp-image-1542\" src=\"https:\/\/mbf-s.de\/wp-content\/uploads\/2025\/01\/20241225_063658.png\" alt=\"\" width=\"816\" height=\"612\" srcset=\"https:\/\/mbf-s.de\/wp-content\/uploads\/2025\/01\/20241225_063658.png 816w, https:\/\/mbf-s.de\/wp-content\/uploads\/2025\/01\/20241225_063658-300x225.png 300w, https:\/\/mbf-s.de\/wp-content\/uploads\/2025\/01\/20241225_063658-768x576.png 768w\" sizes=\"(max-width: 816px) 100vw, 816px\" \/><\/p>\n<p>Entnahme der Anlage aus dem Koffer \u00fcber einschraubbare M\u00f6belgriffe siehe Bild:<\/p>\n<p><img decoding=\"async\" loading=\"lazy\" class=\"alignnone size-full wp-image-1550\" src=\"https:\/\/mbf-s.de\/wp-content\/uploads\/2025\/01\/Entnahme_1.jpg\" alt=\"\" width=\"810\" height=\"310\" srcset=\"https:\/\/mbf-s.de\/wp-content\/uploads\/2025\/01\/Entnahme_1.jpg 810w, https:\/\/mbf-s.de\/wp-content\/uploads\/2025\/01\/Entnahme_1-300x115.jpg 300w, https:\/\/mbf-s.de\/wp-content\/uploads\/2025\/01\/Entnahme_1-768x294.jpg 768w\" sizes=\"(max-width: 810px) 100vw, 810px\" \/><\/p>\n<p>Weitere Informationen und Bilder folgen je nach Baufortschritt.<\/p>\n","protected":false},"excerpt":{"rendered":"<p>Diese Seite beschreibt den Aufbau einer Spur N Kofferanlage. Ma\u00dfe Koffer: 92cm x 60cm x 30cm Zwei Kreise mit Fleischmann Piccolo Gleis. Gleisplan (erstellt mit Wintrack): Steuerung mit Rocrail: &#8211; 10 Bl\u00f6cke &#8211; 12 R\u00fcckmelder &#8211; Gleisanschl\u00fcsse seitlich am Koffer zum erweitern der Anlage. &#8211; R\u00fcckmeldung \u00fcber Loconet (YaMoRC YD6016LN-CS 16x R\u00fcckmeldemodul). &#8211; Schalten der Weichen mit 8-fach DCC Weichendecoder<\/p>\n","protected":false},"author":1,"featured_media":0,"parent":0,"menu_order":0,"comment_status":"closed","ping_status":"closed","template":"","meta":[],"jetpack_sharing_enabled":true,"jetpack_shortlink":"https:\/\/wp.me\/P8mm1C-oK","_links":{"self":[{"href":"https:\/\/mbf-s.de\/index.php?rest_route=\/wp\/v2\/pages\/1534"}],"collection":[{"href":"https:\/\/mbf-s.de\/index.php?rest_route=\/wp\/v2\/pages"}],"about":[{"href":"https:\/\/mbf-s.de\/index.php?rest_route=\/wp\/v2\/types\/page"}],"author":[{"embeddable":true,"href":"https:\/\/mbf-s.de\/index.php?rest_route=\/wp\/v2\/users\/1"}],"replies":[{"embeddable":true,"href":"https:\/\/mbf-s.de\/index.php?rest_route=%2Fwp%2Fv2%2Fcomments&post=1534"}],"version-history":[{"count":13,"href":"https:\/\/mbf-s.de\/index.php?rest_route=\/wp\/v2\/pages\/1534\/revisions"}],"predecessor-version":[{"id":1587,"href":"https:\/\/mbf-s.de\/index.php?rest_route=\/wp\/v2\/pages\/1534\/revisions\/1587"}],"wp:attachment":[{"href":"https:\/\/mbf-s.de\/index.php?rest_route=%2Fwp%2Fv2%2Fmedia&parent=1534"}],"curies":[{"name":"wp","href":"https:\/\/api.w.org\/{rel}","templated":true}]}}